he thousands digit of 39273?
9
What is the units digit of 24592?
2
What is the ten thousands digit of 101138?
0
What is the tens digit of 3143?
4
What is the hundreds digit of 1493?
4
What is the units digit of 1027?
7
What is the units digit of 473?
3
What is the tens digit of 25787?
8
What is the hundreds digit of 548?
5
What is the units digit of 1938?
8
What is the hundreds digit of 4245?
2
What is the units digit of 85787?
7
What is the units digit of 18778?
8
What is the hundreds digit of 7353?
3
What is the thousands digit of 100260?
0
What is the tens digit of 906?
0
What is the units digit of 296?
6
What is the thousands digit of 11828?
1
What is the thousands digit of 40253?
0
What is the tens digit of 2619?
1
What is the hundreds digit of 156515?
5
What is the hundreds digit of 13929?
9
What is the tens digit of 1245?
4
What is the units digit of 238?
8
What is the tens digit of 1044?
4
What is the hundreds digit of 3989?
9
What is the tens digit of 98571?
7
What is the tens digit of 2173?
7
What is the tens digit of 760?
6
What is the units digit of 10502?
2
What is the hundreds digit of 94459?
4
What is the units digit of 6152?
2
What is the thousands digit of 7529?
7
What is the thousands digit of 147504?
7
What is the thousands digit of 1132?
1
What is the tens digit of 1180?
8
What is the hundreds digit of 9401?
4
What is the tens digit of 12093?
9
What is the hundreds digit of 2226?
2
What is the tens digit of 1516?
1
What is the tens digit of 3065?
6
What is the tens digit of 244?
4
What is the tens digit of 2544?
4
What is the units digit of 9656?
6
What is the units digit of 30700?
0
What is the units digit of 231?
1
What is the ten thousands digit of 20418?
2
What is the hundreds digit of 630?
6
What is the thousands digit of 4617?
4
What is the units digit of 959?
9
What is the tens digit of 255?
5
What is the thousands digit of 81716?
1
What is the thousands digit of 1613?
1
What is the units digit of 6904?
4
What is the thousands digit of 51050?
1
What is the tens digit of 7610?
1
What is the hundreds digit of 13939?
9
What is the tens digit of 125179?
7
What is the hundreds digit of 38619?
6
What is the tens digit of 12469?
6
What is the hundreds digit of 649?
6
What is the hundreds digit of 298?
2
What is the thousands digit of 36502?
6
What is the units digit of 242?
2
What is the thousands digit of 8292?
8
What is the tens digit of 9234?
3
What is the units digit of 215?
5
What is the thousands digit of 2641?
2
What is the tens digit of 110407?
0
What is the thousands digit of 2537?
2
What is the tens digit of 613?
1
What is the thousands digit of 1377?
1
What is the units digit of 1706?
6
What is the units digit of 6882?
2
What is the units digit of 95?
5
What is the thousands digit of 21938?
1
What is the units digit of 3932?
2
What is the hundreds digit of 19953?
9
What is the tens digit of 17283?
8
What is the tens digit of 3206?
0
What is the tens digit of 1511?
1
What is the tens digit of 2162?
6
What is the hundreds digit of 15456?
4
What is the thousands digit of 7474?
7
What is the tens digit of 8770?
7
What is the units digit of 20151?
1
What is the hundreds digit of 98166?
1
What is the hundreds digit of 642?
6
What is the thousands digit of 3362?
3
What is the hundreds digit of 3244?
2
What is the units digit of 138?
8
What is the tens digit of 2327?
2
What is the units digit of 64773?
3
What is the ten thousands digit of 11017?
1
What is the units digit of 2118?
8
What is the units digit of 2025?
5
What is the hundreds digit of 983?
9
What is the tens digit of 14844?
4
What is the tens digit of 4150?
5
What is the hundreds digit of 6638?
6
What is the ten thousands digit of 190149?
9
What is the thousands digit of 1699?
1
What is the units digit of 451?
1
What is the thousands digit of 172472?
2
What is the hundreds digit of 838?
8
What is the thousands digit of 38604?
8
What is the units digit of 648?
8
What is the hundreds digit of 2154?
1
What is the tens digit of 435?
3
What is the tens digit of 11571?
7
What is the hundreds digit of 6770?
7
What is the units digit of 243?
3
What is the thousands digit of 2275?
2
What is the hundreds digit of 131605?
6
What is the hundreds digit of 1239?
2
What is the ten thousands digit of 54454?
5
What is the hundreds digit of 20415?
4
What is the tens digit of 853?
5
What is the units digit of 6769?
9
What is the units digit of 68361?
1
What is the thousands digit of 33352?
3
What is the tens digit of 7064?
6
What is the tens digit of 12001?
0
What is the tens digit of 1636?
3
What is the tens digit of 29226?
2
What is the units digit of 11703?
3
What is the ten thousands digit of 83586?
8
What is the hundreds digit of 274?
2
What is the units digit of 368?
8
What is the tens digit of 2164?
6
What is the hundreds digit of 4028?
0
What is the tens digit of 50958?
5
What is the tens digit of 35176?
7
What is the hundreds digit of 1642?
6
What is the hundreds digit of 287?
2
What is the units digit of 10418?
8
What is the tens digit of 2991?
9
What is the units digit of 14923?
3
What is the thousands digit of 3269?
3
What is the ten thousands digit of 125706?
2
What is the ten thousands digit of 48686?
4
What is the hundreds digit of 13637?
6
What is the thousands digit of 14835?
4
What is the hundreds digit of 1319?
3
What is the hundreds digit of 4566?
5
What is the thousands digit of 9981?
9
What is the ten thousands digit of 51486?
5
What is the units digit of 839?
9
What is the units digit of 851?
1
What is the units digit of 19748?
8
What is the hundreds digit of 1791?
7
What is the units digit of 67157?
7
What is the units digit of 1351?
1
What is the hundreds digit of 87654?
6
What is the units digit of 3709?
9
What is the tens digit of 53187?
8
What is the hundreds digit of 4058?
0
What is the units digit of 65?
5
What is the units digit of 9373?
3
What is the thousands digit of 1096?
1
What is the tens digit of 1264?
6
What is the units digit of 903?
3
What is the tens digit of 20125?
2
What is the units digit of 1289?
9
What is the ten thousands digit of 117012?
1
What is the units digit of 1397?
7
What is the units digit of 3728?
8
What is the units digit of 8866?
6
What is the hundreds digit of 11527?
5
What is the thousands digit of 7796?
7
What is the hundreds digit of 11421?
4
What is the units digit of 1871?
1
What is the tens digit of 3570?
7
What is the tens digit of 428?
2
What is the thousands digit of 4319?
4
What is the hundreds digit of 11801?
8
What is the hundreds digit of 1238?
2
What is the ten thousands digit of 129774?
2
What is the hundreds digit of 10366?
3
What is the units digit of 2105?
5
What is the thousands digit of 20695?
0
What is the tens digit of 81746?
4
What is the tens digit of 13937?
3
What is the tens digit of 3716?
1
What is the tens digit of 44558?
5
What is the thousands digit of 2109?
2
What is the units digit of 12258?
8
What is the hundreds digit of 149?
1
What is the hundreds digit of 1299?
2
What is the units digit of 652?
2
What is the tens digit of 12075?
7
What is the tens digit of 803?
0
What is the ten thousands digit of 63954?
6
What is the units digit of 517?
7
What is the hundred thousands digit of 152293?
1
What is the hundreds digit of 32114?
1
What is the tens digit of 1088?
8
What is the units digit of 586?
6
What is the units digit of 2102?
2
What is the hundreds digit of 396?
3
What is the hundreds digit of 29193?
1
What is the hundreds digit of 4277?
2
What is the units digit of 1032?
2
What is the tens digit of 38935?
3
What is the tens digit of 7338?
3
What is the tens digit of 70408?
0
What is the tens digit of 16004?
0
What is the ten thousands digit of 11397?
1
What is the tens digit of 5257?
5
What is the hundreds digit of 1587?
5
What is the hundreds digit of 3875?
8
What is the units digit of 8513?
3
What is the tens digit of 2075?
7
What is the hundreds digit of 2410?
4
What is the hundreds digit of 897?
8
What is the tens digit of 2211?
1
What is the tens digit of 184?
8
What is the units digit of 94157?
7
What is the hundreds digit of 4242?
2
What is the units digit of 6286?
6
What is the tens digit of 16?
1
What is the hundreds digit of 19292?
2
What is the hundreds digit of 652?
